alculate the highest common factor of 20617550 and 20.
10
What is the highest common factor of 2522055 and 407895?
5745
Calculate the greatest common divisor of 586755720 and 3420.
3420
Calculate the highest common factor of 96015265 and 95.
95
Calculate the greatest common divisor of 114673830 and 267.
267
Calculate the highest common factor of 29 and 1546678866.
29
Calculate the highest common factor of 567 and 36099189.
567
Calculate the highest common divisor of 1739174 and 16.
2
What is the highest common factor of 8302 and 7306946?
1186
Calculate the greatest common divisor of 1066627 and 54336.
283
What is the highest common divisor of 7520 and 1538404?
188
What is the greatest common divisor of 132 and 599484?
12
Calculate the highest common divisor of 22563 and 552897.
207
Calculate the highest common factor of 461 and 478328.
1
Calculate the highest common factor of 2343574 and 266.
38
What is the greatest common divisor of 31764690 and 240?
30
Calculate the highest common divisor of 826071 and 45.
3
What is the greatest common divisor of 10269 and 54732303?
1467
What is the greatest common factor of 308 and 49027924?
44
What is the greatest common factor of 1656913 and 49484?
89
Calculate the greatest common factor of 693284 and 32.
4
Calculate the greatest common factor of 491370 and 255.
15
Calculate the highest common divisor of 7344 and 420363.
27
What is the greatest common factor of 5013 and 2370592?
557
What is the highest common factor of 10261 and 55118?
31
Calculate the highest common factor of 13794 and 3108666.
1254
What is the highest common factor of 32 and 81679728?
16
Calculate the greatest common divisor of 1207784 and 65704.
344
Calculate the highest common divisor of 15385590 and 255.
15
What is the greatest common divisor of 55799727 and 6?
3
Calculate the highest common divisor of 27965 and 11896875.
235
What is the greatest common factor of 13914 and 74502?
18
Calculate the highest common divisor of 267065 and 16015.
5
Calculate the highest common divisor of 191598 and 114972.
66
Calculate the highest common factor of 112297703 and 56.
7
What is the greatest common factor of 58 and 2384554?
58
What is the greatest common divisor of 36416 and 93885?
569
Calculate the greatest common divisor of 21296 and 129877.
11
What is the highest common divisor of 819513044 and 1393?
1393
What is the greatest common divisor of 29293 and 53647?
11
Calculate the greatest common divisor of 3240 and 634221.
9
Calculate the highest common divisor of 196 and 1013152.
28
What is the highest common factor of 75 and 17993225?
25
Calculate the greatest common divisor of 1716 and 9964812.
1716
Calculate the highest common factor of 995 and 54092180.
995
Calculate the highest common factor of 461168722 and 966.
322
What is the highest common factor of 546 and 2689204?
14
What is the highest common divisor of 193185 and 53000?
265
Calculate the greatest common factor of 314403882 and 122.
122
Calculate the highest common divisor of 14735080 and 3160.
3160
What is the greatest common divisor of 5194848 and 2666112?
5088
Calculate the greatest common factor of 268 and 118815388.
268
What is the greatest common factor of 38418 and 58110258?
2022
What is the highest common divisor of 15318494 and 16?
2
What is the highest common factor of 1098 and 2491362?
1098
What is the highest common factor of 269967561 and 9424?
589
Calculate the greatest common factor of 1560 and 966990.
30
Calculate the highest common divisor of 123 and 31435889.
41
Calculate the greatest common factor of 45 and 203781090.
15
Calculate the greatest common divisor of 161966 and 363032.
46
What is the highest common divisor of 362673332 and 2152?
1076
What is the highest common factor of 1102621 and 10413?
1157
Calculate the greatest common divisor of 624614643 and 9.
9
Calculate the greatest common divisor of 300581 and 173.
1
Calculate the greatest common divisor of 606376330 and 4076.
2038
Calculate the highest common factor of 53658 and 5964439.
271
Calculate the highest common divisor of 4653613 and 21413.
437
Calculate the highest common divisor of 2693976 and 312.
24
Calculate the greatest common divisor of 3400 and 312600.
200
Calculate the highest common divisor of 36302 and 1623566.
14
Calculate the highest common divisor of 85138003 and 6509.
283
What is the highest common factor of 57244779 and 11529?
1647
What is the greatest common factor of 1370 and 34495915?
685
What is the greatest common factor of 1620 and 146994?
6
Calculate the greatest common divisor of 79 and 573202433.
79
Calculate the greatest common divisor of 181659399 and 1615.
323
Calculate the greatest common factor of 48 and 37274436.
12
What is the highest common factor of 1795704 and 528?
24
Calculate the highest common divisor of 50978288 and 26708.
2428
Calculate the highest common factor of 5396622 and 10626.
462
Calculate the highest common factor of 2112 and 3391200.
96
Calculate the highest common divisor of 12033 and 71501423.
1337
Calculate the greatest common divisor of 144 and 15617988.
36
Calculate the highest common factor of 283 and 447201694.
283
Calculate the highest common factor of 8048304 and 1008.
144
Calculate the highest common divisor of 750 and 5477418.
6
Calculate the highest common divisor of 16380 and 4608.
36
What is the highest common divisor of 706827 and 2379?
3
Calculate the greatest common divisor of 24 and 13460268.
12
What is the greatest common divisor of 64814 and 152834230?
2818
Calculate the highest common divisor of 229297 and 49591.
491
Calculate the highest common divisor of 1235598 and 6141198.
3066
Calculate the highest common factor of 35 and 1355.
5
What is the greatest common divisor of 1100960 and 320?
160
What is the highest common divisor of 48 and 11191184?
16
Calculate the highest common divisor of 49056 and 1603392.
672
What is the highest common factor of 257417 and 30857?
59
What is the highest common factor of 2238376 and 112?
56
Calculate the greatest common factor of 4180 and 6254572.
76
Calculate the greatest common divisor of 429 and 411686.
11
What is the highest common divisor of 195499 and 175908?
137
What is the greatest common factor of 1487501351 and 1799?
1799
What is the greatest common divisor of 381 and 5683504?
127
What is the greatest common factor of 6802 and 1069349222?
6802
Calculate the highest common factor of 9383 and 7913281.
853
What is the greatest common factor of 771 and 30197243?
257
Calculate the greatest common factor of 521489350 and 460.
230
What is the highest common divisor of 12 and 6315664?
4
Calculate the greatest common divisor of 66 and 174906985.
11
Calculate the highest common divisor of 10912656 and 339157.
3727
Calculate the highest common factor of 2120 and 35260900.
1060
Calculate the highest common factor of 278208 and 2058.
42
What is the highest common divisor of 3993 and 1371?
3
Calculate the highest common factor of 2610173 and 1633.
71
What is the highest common factor of 16474190 and 2550?
170
Calculate the greatest common divisor of 1678 and 10549586.
1678
What is the highest common divisor of 1638 and 43358952?
546
Calculate the greatest common divisor of 27246289 and 3171.
1057
What is the greatest common divisor of 14358721 and 39?
13
What is the greatest common divisor of 88087874 and 42?
14
What is the greatest common divisor of 2895148 and 23?
23
Calculate the greatest common divisor of 397450240 and 2240.
320
What is the highest common divisor of 2242312 and 22606?
254
Calculate the greatest common divisor of 158 and 2705434.
158
What is the greatest common factor of 9 and 2177669034?
9
Calculate the greatest common divisor of 294 and 8582070.
42
What is the highest common factor of 52920 and 1154680?
40
What is the greatest common factor of 10516 and 528880?
44
What is the highest common factor of 26027925 and 1309?
77
Calculate the highest common factor of 40568426 and 23426.
1802
What is the greatest common factor of 2909 and 324?
1
What is the highest common factor of 3 and 4157?
1
Calculate the greatest common factor of 6184911 and 2526.
1263
What is the highest common divisor of 1462 and 8167463?
731
Calculate the highest common divisor of 145 and 54728539.
29
Calc